[INFO] cloning repository https://github.com/da-eto/rust-graphics
[INFO] running `Command { std: "git" "-c" "credential.helper=" "-c" "credential.helper=/workspace/cargo-home/bin/git-credential-null" "clone" "--bare" "https://github.com/da-eto/rust-graphics" "/workspace/cache/git-repos/https%3A%2F%2Fgithub.com%2Fda-eto%2Frust-graphics", kill_on_drop: false }`
[INFO] [stderr] Cloning into bare repository '/workspace/cache/git-repos/https%3A%2F%2Fgithub.com%2Fda-eto%2Frust-graphics'...
[INFO] running `Command { std: "git" "rev-parse" "HEAD", kill_on_drop: false }`
[INFO] [stdout] 5ed5b9d6b22183204fb3b81b291d45d6ef73bf6d
[INFO] checking da-eto/rust-graphics against master#af3c6e733a40e671550e0f0f5aeecaa13772ba56 for pr-74989
[INFO] running `Command { std: "git" "clone" "/workspace/cache/git-repos/https%3A%2F%2Fgithub.com%2Fda-eto%2Frust-graphics" "/workspace/builds/worker-7/source", kill_on_drop: false }`
[INFO] [stderr] Cloning into '/workspace/builds/worker-7/source'...
[INFO] [stderr] done.
[INFO] validating manifest of git repo https://github.com/da-eto/rust-graphics on toolchain af3c6e733a40e671550e0f0f5aeecaa13772ba56
[INFO] running `Command { std: "/workspace/cargo-home/bin/cargo" "+af3c6e733a40e671550e0f0f5aeecaa13772ba56" "read-manifest" "--manifest-path" "Cargo.toml", kill_on_drop: false }`
[INFO] started tweaking git repo https://github.com/da-eto/rust-graphics
[INFO] finished tweaking git repo https://github.com/da-eto/rust-graphics
[INFO] tweaked toml for git repo https://github.com/da-eto/rust-graphics written to /workspace/builds/worker-7/source/Cargo.toml
[INFO] crate git repo https://github.com/da-eto/rust-graphics already has a lockfile, it will not be regenerated
[INFO] running `Command { std: "/workspace/cargo-home/bin/cargo" "+af3c6e733a40e671550e0f0f5aeecaa13772ba56" "fetch" "--locked" "--manifest-path" "Cargo.toml", kill_on_drop: false }`
[INFO] [stderr] error: the lock file /workspace/builds/worker-7/source/Cargo.lock needs to be updated but --locked was passed to prevent this
[INFO] [stderr] If you want to try to generate the lock file without accessing the network, use the --offline flag.
[INFO] the lockfile is outdated, regenerating it
[INFO] running `Command { std: "/workspace/cargo-home/bin/cargo" "+af3c6e733a40e671550e0f0f5aeecaa13772ba56" "generate-lockfile" "--manifest-path" "Cargo.toml" "-Zno-index-update", kill_on_drop: false }`
[INFO] running `Command { std: "/workspace/cargo-home/bin/cargo" "+af3c6e733a40e671550e0f0f5aeecaa13772ba56" "fetch" "--locked" "--manifest-path" "Cargo.toml", kill_on_drop: false }`
[INFO] running `Command { std: "docker" "create" "-v" "/var/lib/crater-agent-workspace/builds/worker-7/target:/opt/rustwide/target:rw,Z" "-v" "/var/lib/crater-agent-workspace/builds/worker-7/source:/opt/rustwide/workdir:ro,Z" "-v" "/var/lib/crater-agent-workspace/cargo-home:/opt/rustwide/cargo-home:ro,Z" "-v" "/var/lib/crater-agent-workspace/rustup-home:/opt/rustwide/rustup-home:ro,Z" "-e" "SOURCE_DIR=/opt/rustwide/workdir" "-e" "CARGO_TARGET_DIR=/opt/rustwide/target" "-e" "CARGO_HOME=/opt/rustwide/cargo-home" "-e" "RUSTUP_HOME=/opt/rustwide/rustup-home" "-w" "/opt/rustwide/workdir" "-m" "1610612736" "--user" "0:0" "--network" "none" "rustops/crates-build-env@sha256:d92eaeed33fa75130ca1ee6c8a01d1ffb62bac859dfdfb3450e3e5d1c0146529" "/opt/rustwide/cargo-home/bin/cargo" "+af3c6e733a40e671550e0f0f5aeecaa13772ba56" "metadata" "--no-deps" "--format-version=1", kill_on_drop: false }`
[INFO] [stdout] 109e5662fb742bec1ef9ffe85afaf5890dd14f907a520c90ef000206fbdeed5b
[INFO] [stderr] WARNING: Your kernel does not support swap limit capabilities or the cgroup is not mounted. Memory limited without swap.
[INFO] running `Command { std: "docker" "start" "-a" "109e5662fb742bec1ef9ffe85afaf5890dd14f907a520c90ef000206fbdeed5b", kill_on_drop: false }`
[INFO] running `Command { std: "docker" "inspect" "109e5662fb742bec1ef9ffe85afaf5890dd14f907a520c90ef000206fbdeed5b", kill_on_drop: false }`
[INFO] running `Command { std: "docker" "rm" "-f" "109e5662fb742bec1ef9ffe85afaf5890dd14f907a520c90ef000206fbdeed5b", kill_on_drop: false }`
[INFO] [stdout] 109e5662fb742bec1ef9ffe85afaf5890dd14f907a520c90ef000206fbdeed5b
[INFO] running `Command { std: "docker" "create" "-v" "/var/lib/crater-agent-workspace/builds/worker-7/target:/opt/rustwide/target:rw,Z" "-v" "/var/lib/crater-agent-workspace/builds/worker-7/source:/opt/rustwide/workdir:ro,Z" "-v" "/var/lib/crater-agent-workspace/cargo-home:/opt/rustwide/cargo-home:ro,Z" "-v" "/var/lib/crater-agent-workspace/rustup-home:/opt/rustwide/rustup-home:ro,Z" "-e" "SOURCE_DIR=/opt/rustwide/workdir" "-e" "CARGO_TARGET_DIR=/opt/rustwide/target" "-e" "CARGO_INCREMENTAL=0" "-e" "RUST_BACKTRACE=full" "-e" "RUSTFLAGS=--cap-lints=forbid" "-e" "CARGO_HOME=/opt/rustwide/cargo-home" "-e" "RUSTUP_HOME=/opt/rustwide/rustup-home" "-w" "/opt/rustwide/workdir" "-m" "1610612736" "--user" "0:0" "--network" "none" "rustops/crates-build-env@sha256:d92eaeed33fa75130ca1ee6c8a01d1ffb62bac859dfdfb3450e3e5d1c0146529" "/opt/rustwide/cargo-home/bin/cargo" "+af3c6e733a40e671550e0f0f5aeecaa13772ba56" "check" "--frozen" "--all" "--all-targets" "--message-format=json", kill_on_drop: false }`
[INFO] [stdout] 7a06bfb91164550a120189eb91005e4772325accc0b84d01ad48a5ef2e158e77
[INFO] [stderr] WARNING: Your kernel does not support swap limit capabilities or the cgroup is not mounted. Memory limited without swap.
[INFO] running `Command { std: "docker" "start" "-a" "7a06bfb91164550a120189eb91005e4772325accc0b84d01ad48a5ef2e158e77", kill_on_drop: false }`
[INFO] [stderr]     Blocking waiting for file lock on package cache
[INFO] [stderr]    Compiling autocfg v1.0.1
[INFO] [stderr]     Checking cfg-if v0.1.10
[INFO] [stderr]    Compiling maybe-uninit v2.0.0
[INFO] [stderr]     Checking lazy_static v1.4.0
[INFO] [stderr]    Compiling byteorder v1.3.4
[INFO] [stderr]     Checking scopeguard v1.1.0
[INFO] [stderr]     Checking adler32 v1.2.0
[INFO] [stderr]    Compiling crc32fast v1.2.0
[INFO] [stderr]    Compiling bitflags v1.2.1
[INFO] [stderr]     Checking lzw v0.10.0
[INFO] [stderr]     Checking either v1.6.0
[INFO] [stderr]     Checking color_quant v1.0.1
[INFO] [stderr]     Checking scoped_threadpool v0.1.9
[INFO] [stderr]     Checking bytemuck v1.4.1
[INFO] [stderr]     Checking num_cpus v1.13.0
[INFO] [stderr]     Checking miniz_oxide v0.3.7
[INFO] [stderr]     Checking gif v0.10.3
[INFO] [stderr]    Compiling crossbeam-utils v0.7.2
[INFO] [stderr]    Compiling num-traits v0.2.12
[INFO] [stderr]    Compiling memoffset v0.5.5
[INFO] [stderr]    Compiling crossbeam-epoch v0.8.2
[INFO] [stderr]    Compiling num-integer v0.1.43
[INFO] [stderr]    Compiling num-bigint v0.3.0
[INFO] [stderr]    Compiling num-iter v0.1.41
[INFO] [stderr]    Compiling rayon v1.4.0
[INFO] [stderr]    Compiling num-rational v0.3.0
[INFO] [stderr]     Checking deflate v0.8.6
[INFO] [stderr]     Checking tiff v0.5.0
[INFO] [stderr]     Checking crossbeam-channel v0.4.4
[INFO] [stderr]     Checking png v0.16.7
[INFO] [stderr]     Checking crossbeam-deque v0.7.3
[INFO] [stderr]     Checking rayon-core v1.8.0
[INFO] [stderr]     Checking num-complex v0.3.0
[INFO] [stderr]     Checking num v0.3.0
[INFO] [stderr]     Checking jpeg-decoder v0.1.20
[INFO] [stderr]     Checking image v0.23.9
[INFO] [stderr]     Checking rust-graphics v0.1.3 (/opt/rustwide/workdir)
[INFO] [stdout] warning: unnecessary parentheses around method argument
[INFO] [stdout]   --> src/main.rs:48:57
[INFO] [stdout]    |
[INFO] [stdout] 48 |             let l = light * ((m.verts[f[2]] - v0).cross((m.verts[f[1]] - v0))).normalized();
[INFO] [stdout]    |                                                         ^^^^^^^^^^^^^^^^^^^^ help: remove these parentheses
[INFO] [stdout]    |
[INFO] [stdout]    = note: `#[warn(unused_parens)]` on by default
[INFO] [stdout] 
[INFO] [stdout] 
[INFO] [stdout] warning: unnecessary parentheses around method argument
[INFO] [stdout]   --> src/main.rs:48:57
[INFO] [stdout]    |
[INFO] [stdout] 48 |             let l = light * ((m.verts[f[2]] - v0).cross((m.verts[f[1]] - v0))).normalized();
[INFO] [stdout]    |                                                         ^^^^^^^^^^^^^^^^^^^^ help: remove these parentheses
[INFO] [stdout]    |
[INFO] [stdout]    = note: `#[warn(unused_parens)]` on by default
[INFO] [stdout] 
[INFO] [stdout] 
[INFO] [stdout] error[E0599]: no method named `push_all` found for struct `Vec<_>` in the current scope
[INFO] [stdout]   --> src/painting.rs:68:12
[INFO] [stdout]    |
[INFO] [stdout] 68 |         vs.push_all(&[v0, v1, v2]);
[INFO] [stdout]    |            ^^^^^^^^ method not found in `Vec<_>`
[INFO] [stdout] 
[INFO] [stdout] 
[INFO] [stdout] error[E0609]: no field `y` on type `&_`
[INFO] [stdout]   --> src/painting.rs:69:29
[INFO] [stdout]    |
[INFO] [stdout] 69 |         vs.sort_by(|a, b| a.y.cmp(&b.y));
[INFO] [stdout]    |                             ^
[INFO] [stdout] 
[INFO] [stdout] 
[INFO] [stdout] error[E0599]: no method named `tail` found for struct `Vec<&str>` in the current scope
[INFO] [stdout]    --> src/geometry.rs:167:38
[INFO] [stdout]     |
[INFO] [stdout] 167 |             let coords: Vec<f64> = v.tail().iter().map(|s| s.trim()).filter_map(
[INFO] [stdout]     |                                      ^^^^ method not found in `Vec<&str>`
[INFO] [stdout] 
[INFO] [stdout] 
[INFO] [stdout] error[E0599]: no method named `tail` found for struct `Vec<&str>` in the current scope
[INFO] [stdout]    --> src/geometry.rs:176:39
[INFO] [stdout]     |
[INFO] [stdout] 176 |             let verts: Vec<usize> = v.tail().iter().map(|s| s.trim()).filter_map(
[INFO] [stdout]     |                                       ^^^^ method not found in `Vec<&str>`
[INFO] [stdout] 
[INFO] [stdout] 
[INFO] [stdout] error: aborting due to 4 previous errors; 1 warning emitted
[INFO] [stdout] 
[INFO] [stdout] 
[INFO] [stdout] Some errors have detailed explanations: E0599, E0609.
[INFO] [stdout] 
[INFO] [stdout] For more information about an error, try `rustc --explain E0599`.
[INFO] [stdout] 
[INFO] [stderr] error: could not compile `rust-graphics`.
[INFO] [stdout] error[E0599]: no method named `push_all` found for struct `Vec<_>` in the current scope
[INFO] [stdout]   --> src/painting.rs:68:12
[INFO] [stdout]    |
[INFO] [stdout] 68 |         vs.push_all(&[v0, v1, v2]);
[INFO] [stdout]    |            ^^^^^^^^ method not found in `Vec<_>`
[INFO] [stdout] 
[INFO] [stdout] 
[INFO] [stderr] 
[INFO] [stdout] error[E0609]: no field `y` on type `&_`
[INFO] [stdout]   --> src/painting.rs:69:29
[INFO] [stdout]    |
[INFO] [stdout] 69 |         vs.sort_by(|a, b| a.y.cmp(&b.y));
[INFO] [stdout]    |                             ^
[INFO] [stdout] 
[INFO] [stdout] 
[INFO] [stderr] To learn more, run the command again with --verbose.
[INFO] [stderr] warning: build failed, waiting for other jobs to finish...
[INFO] [stdout] error[E0599]: no method named `tail` found for struct `Vec<&str>` in the current scope
[INFO] [stdout]    --> src/geometry.rs:167:38
[INFO] [stdout]     |
[INFO] [stdout] 167 |             let coords: Vec<f64> = v.tail().iter().map(|s| s.trim()).filter_map(
[INFO] [stdout]     |                                      ^^^^ method not found in `Vec<&str>`
[INFO] [stdout] 
[INFO] [stdout] 
[INFO] [stdout] error[E0599]: no method named `tail` found for struct `Vec<&str>` in the current scope
[INFO] [stdout]    --> src/geometry.rs:176:39
[INFO] [stdout]     |
[INFO] [stdout] 176 |             let verts: Vec<usize> = v.tail().iter().map(|s| s.trim()).filter_map(
[INFO] [stdout]     |                                       ^^^^ method not found in `Vec<&str>`
[INFO] [stdout] 
[INFO] [stdout] 
[INFO] [stdout] error: aborting due to 4 previous errors; 1 warning emitted
[INFO] [stdout] 
[INFO] [stdout] 
[INFO] [stdout] Some errors have detailed explanations: E0599, E0609.
[INFO] [stdout] 
[INFO] [stdout] For more information about an error, try `rustc --explain E0599`.
[INFO] [stdout] 
[INFO] [stderr] error: build failed
[INFO] running `Command { std: "docker" "inspect" "7a06bfb91164550a120189eb91005e4772325accc0b84d01ad48a5ef2e158e77", kill_on_drop: false }`
[INFO] running `Command { std: "docker" "rm" "-f" "7a06bfb91164550a120189eb91005e4772325accc0b84d01ad48a5ef2e158e77", kill_on_drop: false }`
[INFO] [stdout] 7a06bfb91164550a120189eb91005e4772325accc0b84d01ad48a5ef2e158e77
